{"id":11234,"date":"2026-01-28T09:01:48","date_gmt":"2026-01-28T08:01:48","guid":{"rendered":"https:\/\/intra-dev-2.excellis.org\/?page_id=11234"},"modified":"2026-02-17T10:55:38","modified_gmt":"2026-02-17T09:55:38","slug":"tutoriel-pour-le-web-2-0","status":"publish","type":"page","link":"https:\/\/intra-dev-2.excellis.org\/?page_id=11234","title":{"rendered":"Tutoriel pour le Web 2.0"},"content":{"rendered":"\t\t<div data-elementor-type=\"wp-page\" data-elementor-id=\"11234\" class=\"elementor elementor-11234\" data-elementor-post-type=\"page\">\n\t\t\t\t<div class=\"elementor-element elementor-element-1823a9b e-flex e-con-boxed e-con e-parent\" data-id=\"1823a9b\" data-element_type=\"container\" data-e-type=\"container\">\n\t\t\t\t\t<div class=\"e-con-inner\">\n\t\t<div class=\"elementor-element elementor-element-779fedf e-con-full e-flex e-con e-child\" data-id=\"779fedf\" data-element_type=\"container\" data-e-type=\"container\" data-settings=\"{&quot;background_background&quot;:&quot;classic&quot;}\">\n\t\t<div class=\"elementor-element elementor-element-f356fe2 e-con-full e-flex e-con e-child\" data-id=\"f356fe2\" data-element_type=\"container\" data-e-type=\"container\">\n\t\t\t\t<div class=\"elementor-element elementor-element-4ee14d9 elementor-widget elementor-widget-ova_list_link\" data-id=\"4ee14d9\" data-element_type=\"widget\" data-e-type=\"widget\" data-widget_type=\"ova_list_link.default\">\n\t\t\t\t<div class=\"elementor-widget-container\">\n\t\t\t\t\t\t\t<div class=\"ova_list_link box-shadow\">\n\t\t\t\t\t\t<h3 class=\"title\">\n\t\t\t\tMenu\t\t\t<\/h3>\n\t\t\t\t\t\t\t\t\t<ul class=\"content\">\n\t\t\t\t\t\t\t\t\t<li class=\"item\">\n\t\t\t\t\t\t<a href=\"https:\/\/intra-dev-2.excellis.org\/?page_id=7095\">\n\t\t\t\t\t\t\tVie du Laboratoire\t\t\t\t\t\t\t\t\t\t\t\t\t\t<span class=\"icon\">\n\t\t\t\t\t\t\t\t<i data-feather=\"chevron-right\"><\/i>\n\t\t\t\t\t\t\t<\/span>\n\t\t\t\t\t\t    \t\t\t\t\t\t    \t\t\t\t\t\t\t<span class=\"icon-hover\">\n\t\t\t\t\t\t\t\t<i data-feather=\"arrow-right\"><\/i>\n\t\t\t\t\t\t\t<\/span>\n\t\t\t\t\t\t\t \t\t\t\t\t\t<\/a>\n\n\t\t\t\t\t<\/li>\n\t\t\t\t\t\t\t\t\t<li class=\"item\">\n\t\t\t\t\t\t<a href=\"https:\/\/intra-dev-2.excellis.org\/?page_id=10783\">\n\t\t\t\t\t\t\tFinances\t\t\t\t\t\t\t\t\t\t\t\t\t\t<span class=\"icon\">\n\t\t\t\t\t\t\t\t<i data-feather=\"chevron-right\"><\/i>\n\t\t\t\t\t\t\t<\/span>\n\t\t\t\t\t\t    \t\t\t\t\t\t    \t\t\t\t\t\t\t<span class=\"icon-hover\">\n\t\t\t\t\t\t\t\t<i data-feather=\"arrow-right\"><\/i>\n\t\t\t\t\t\t\t<\/span>\n\t\t\t\t\t\t\t \t\t\t\t\t\t<\/a>\n\n\t\t\t\t\t<\/li>\n\t\t\t\t\t\t\t\t\t<li class=\"item\">\n\t\t\t\t\t\t<a href=\"https:\/\/intra-dev-2.excellis.org\/?page_id=10801\">\n\t\t\t\t\t\t\tRessources Humaines\t\t\t\t\t\t\t\t\t\t\t\t\t\t<span class=\"icon\">\n\t\t\t\t\t\t\t\t<i data-feather=\"chevron-right\"><\/i>\n\t\t\t\t\t\t\t<\/span>\n\t\t\t\t\t\t    \t\t\t\t\t\t    \t\t\t\t\t\t\t<span class=\"icon-hover\">\n\t\t\t\t\t\t\t\t<i data-feather=\"arrow-right\"><\/i>\n\t\t\t\t\t\t\t<\/span>\n\t\t\t\t\t\t\t \t\t\t\t\t\t<\/a>\n\n\t\t\t\t\t<\/li>\n\t\t\t\t\t\t\t\t\t<li class=\"item\">\n\t\t\t\t\t\t<a href=\"https:\/\/intra-dev-2.excellis.org\/?page_id=10838\">\n\t\t\t\t\t\t\tCommunication\t\t\t\t\t\t\t\t\t\t\t\t\t\t<span class=\"icon\">\n\t\t\t\t\t\t\t\t<i data-feather=\"chevron-right\"><\/i>\n\t\t\t\t\t\t\t<\/span>\n\t\t\t\t\t\t    \t\t\t\t\t\t    \t\t\t\t\t\t\t<span class=\"icon-hover\">\n\t\t\t\t\t\t\t\t<i data-feather=\"arrow-right\"><\/i>\n\t\t\t\t\t\t\t<\/span>\n\t\t\t\t\t\t\t \t\t\t\t\t\t<\/a>\n\n\t\t\t\t\t<\/li>\n\t\t\t\t\t\t\t\t\t<li class=\"item\">\n\t\t\t\t\t\t<a href=\"https:\/\/intra-dev-2.excellis.org\/?page_id=10894\">\n\t\t\t\t\t\t\tServices Num\u00e9riques\t\t\t\t\t\t\t\t\t\t\t\t\t\t<span class=\"icon\">\n\t\t\t\t\t\t\t\t<i data-feather=\"chevron-right\"><\/i>\n\t\t\t\t\t\t\t<\/span>\n\t\t\t\t\t\t    \t\t\t\t\t\t    \t\t\t\t\t\t\t<span class=\"icon-hover\">\n\t\t\t\t\t\t\t\t<i data-feather=\"arrow-right\"><\/i>\n\t\t\t\t\t\t\t<\/span>\n\t\t\t\t\t\t\t \t\t\t\t\t\t<\/a>\n\n\t\t\t\t\t<\/li>\n\t\t\t\t\t\t\t\t\t<li class=\"item\">\n\t\t\t\t\t\t<a href=\"https:\/\/intra-dev-2.excellis.org\/?page_id=10952\">\n\t\t\t\t\t\t\tDocumentation Scientifique\t\t\t\t\t\t\t\t\t\t\t\t\t\t<span class=\"icon\">\n\t\t\t\t\t\t\t\t<i data-feather=\"chevron-right\"><\/i>\n\t\t\t\t\t\t\t<\/span>\n\t\t\t\t\t\t    \t\t\t\t\t\t    \t\t\t\t\t\t\t<span class=\"icon-hover\">\n\t\t\t\t\t\t\t\t<i data-feather=\"arrow-right\"><\/i>\n\t\t\t\t\t\t\t<\/span>\n\t\t\t\t\t\t\t \t\t\t\t\t\t<\/a>\n\n\t\t\t\t\t<\/li>\n\t\t\t\t\t\t\t\t\t<li class=\"item\">\n\t\t\t\t\t\t<a href=\"https:\/\/intra-dev-2.excellis.org\/?page_id=10998\">\n\t\t\t\t\t\t\tHygi\u00e8ne et S\u00e9curit\u00e9\t\t\t\t\t\t\t\t\t\t\t\t\t\t<span class=\"icon\">\n\t\t\t\t\t\t\t\t<i data-feather=\"chevron-right\"><\/i>\n\t\t\t\t\t\t\t<\/span>\n\t\t\t\t\t\t    \t\t\t\t\t\t    \t\t\t\t\t\t\t<span class=\"icon-hover\">\n\t\t\t\t\t\t\t\t<i data-feather=\"arrow-right\"><\/i>\n\t\t\t\t\t\t\t<\/span>\n\t\t\t\t\t\t\t \t\t\t\t\t\t<\/a>\n\n\t\t\t\t\t<\/li>\n\t\t\t\t\t\t\t\t\t<li class=\"item\">\n\t\t\t\t\t\t<a href=\"https:\/\/intra-dev-2.excellis.org\/?page_id=11011\">\n\t\t\t\t\t\t\tPlateformes\t\t\t\t\t\t\t\t\t\t\t\t\t\t<span class=\"icon\">\n\t\t\t\t\t\t\t\t<i data-feather=\"chevron-right\"><\/i>\n\t\t\t\t\t\t\t<\/span>\n\t\t\t\t\t\t    \t\t\t\t\t\t    \t\t\t\t\t\t\t<span class=\"icon-hover\">\n\t\t\t\t\t\t\t\t<i data-feather=\"arrow-right\"><\/i>\n\t\t\t\t\t\t\t<\/span>\n\t\t\t\t\t\t\t \t\t\t\t\t\t<\/a>\n\n\t\t\t\t\t<\/li>\n\t\t\t\t\t\t\t\t\t<li class=\"item\">\n\t\t\t\t\t\t<a href=\"#\">\n\t\t\t\t\t\t\tM\u00e9diation Scientifique\t\t\t\t\t\t\t\t\t\t\t\t\t\t<span class=\"icon\">\n\t\t\t\t\t\t\t\t<i data-feather=\"chevron-right\"><\/i>\n\t\t\t\t\t\t\t<\/span>\n\t\t\t\t\t\t    \t\t\t\t\t\t    \t\t\t\t\t\t\t<span class=\"icon-hover\">\n\t\t\t\t\t\t\t\t<i data-feather=\"arrow-right\"><\/i>\n\t\t\t\t\t\t\t<\/span>\n\t\t\t\t\t\t\t \t\t\t\t\t\t<\/a>\n\n\t\t\t\t\t<\/li>\n\t\t\t\t\t\t\t\t\t<li class=\"item\">\n\t\t\t\t\t\t<a href=\"#\">\n\t\t\t\t\t\t\tEurope\t\t\t\t\t\t\t\t\t\t\t\t\t\t<span class=\"icon\">\n\t\t\t\t\t\t\t\t<i data-feather=\"chevron-right\"><\/i>\n\t\t\t\t\t\t\t<\/span>\n\t\t\t\t\t\t    \t\t\t\t\t\t    \t\t\t\t\t\t\t<span class=\"icon-hover\">\n\t\t\t\t\t\t\t\t<i data-feather=\"arrow-right\"><\/i>\n\t\t\t\t\t\t\t<\/span>\n\t\t\t\t\t\t\t \t\t\t\t\t\t<\/a>\n\n\t\t\t\t\t<\/li>\n\t\t\t\t\t\t\t\t\t<li class=\"item\">\n\t\t\t\t\t\t<a href=\"#\">\n\t\t\t\t\t\t\tEspace Nouvelle Direction\t\t\t\t\t\t\t\t\t\t\t\t\t\t<span class=\"icon\">\n\t\t\t\t\t\t\t\t<i data-feather=\"chevron-right\"><\/i>\n\t\t\t\t\t\t\t<\/span>\n\t\t\t\t\t\t    \t\t\t\t\t\t    \t\t\t\t\t\t\t<span class=\"icon-hover\">\n\t\t\t\t\t\t\t\t<i data-feather=\"arrow-right\"><\/i>\n\t\t\t\t\t\t\t<\/span>\n\t\t\t\t\t\t\t \t\t\t\t\t\t<\/a>\n\n\t\t\t\t\t<\/li>\n\t\t\t\t\t\t\t<\/ul>\n\t\t\t\t\t<\/div>\n\t\t\t\t\t\t<\/div>\n\t\t\t\t<\/div>\n\t\t\t\t<\/div>\n\t\t<div class=\"elementor-element elementor-element-e8b9baa e-con-full e-flex e-con e-child\" data-id=\"e8b9baa\" data-element_type=\"container\" data-e-type=\"container\">\n\t\t\t\t<div class=\"elementor-element elementor-element-4ff67c9 elementor-widget elementor-widget-ova_heading\" data-id=\"4ff67c9\" data-element_type=\"widget\" data-e-type=\"widget\" data-widget_type=\"ova_heading.default\">\n\t\t\t\t<div class=\"elementor-widget-container\">\n\t\t\t\t\t\t\t<div class=\"ova-heading\">\n\t\t\t\n\t\t\t\t\t\t\t<h3 class=\"title second_font\">Tutoriels WordPress \u2013 Site Web du GIPSA-lab : Formation pour les \u00e9diteurs\n\n<\/h3>\n\t\t\t\n\t\t\t\t\t\t\t<p class=\"sub-title \">Ma\u00eetrisez la cr\u00e9ation de contenu, les cat\u00e9gories, les templates et les \u00e9v\u00e9nements pour un site dynamique et coh\u00e9rent.\n<\/p>\n\t\t\t\n\t\t<\/div>\n\t\t\t\t\t\t<\/div>\n\t\t\t\t<\/div>\n\t\t\t\t<div class=\"elementor-element elementor-element-2d91600 elementor-toc--minimized-on-tablet elementor-widget elementor-widget-table-of-contents\" data-id=\"2d91600\" data-element_type=\"widget\" data-e-type=\"widget\" data-settings=\"{&quot;headings_by_tags&quot;:[&quot;h2&quot;],&quot;exclude_headings_by_selector&quot;:[],&quot;no_headings_message&quot;:&quot;No headings were found on this page.&quot;,&quot;marker_view&quot;:&quot;numbers&quot;,&quot;minimize_box&quot;:&quot;yes&quot;,&quot;minimized_on&quot;:&quot;tablet&quot;,&quot;hierarchical_view&quot;:&quot;yes&quot;,&quot;min_height&quot;:{&quot;unit&quot;:&quot;px&quot;,&quot;size&quot;:&quot;&quot;,&quot;sizes&quot;:[]},&quot;min_height_tablet&quot;:{&quot;unit&quot;:&quot;px&quot;,&quot;size&quot;:&quot;&quot;,&quot;sizes&quot;:[]},&quot;min_height_mobile&quot;:{&quot;unit&quot;:&quot;px&quot;,&quot;size&quot;:&quot;&quot;,&quot;sizes&quot;:[]}}\" data-widget_type=\"table-of-contents.default\">\n\t\t\t\t\t\t\t\t\t<div class=\"elementor-toc__header\">\n\t\t\t\t\t\t<h4 class=\"elementor-toc__header-title\">\n\t\t\t\tTable des Mati\u00e8res\t\t\t<\/h4>\n\t\t\t\t\t\t\t\t\t\t<div class=\"elementor-toc__toggle-button elementor-toc__toggle-button--expand\" role=\"button\" tabindex=\"0\" aria-controls=\"elementor-toc__2d91600\" aria-expanded=\"true\" aria-label=\"Open table of contents\"><svg aria-hidden=\"true\" class=\"e-font-icon-svg e-fas-chevron-down\" viewBox=\"0 0 448 512\" xmlns=\"http:\/\/www.w3.org\/2000\/svg\"><path d=\"M207.029 381.476L12.686 187.132c-9.373-9.373-9.373-24.569 0-33.941l22.667-22.667c9.357-9.357 24.522-9.375 33.901-.04L224 284.505l154.745-154.021c9.379-9.335 24.544-9.317 33.901.04l22.667 22.667c9.373 9.373 9.373 24.569 0 33.941L240.971 381.476c-9.373 9.372-24.569 9.372-33.942 0z\"><\/path><\/svg><\/div>\n\t\t\t\t<div class=\"elementor-toc__toggle-button elementor-toc__toggle-button--collapse\" role=\"button\" tabindex=\"0\" aria-controls=\"elementor-toc__2d91600\" aria-expanded=\"true\" aria-label=\"Close table of contents\"><svg aria-hidden=\"true\" class=\"e-font-icon-svg e-fas-chevron-up\" viewBox=\"0 0 448 512\" xmlns=\"http:\/\/www.w3.org\/2000\/svg\"><path d=\"M240.971 130.524l194.343 194.343c9.373 9.373 9.373 24.569 0 33.941l-22.667 22.667c-9.357 9.357-24.522 9.375-33.901.04L224 227.495 69.255 381.516c-9.379 9.335-24.544 9.317-33.901-.04l-22.667-22.667c-9.373-9.373-9.373-24.569 0-33.941L207.03 130.525c9.372-9.373 24.568-9.373 33.941-.001z\"><\/path><\/svg><\/div>\n\t\t\t\t\t<\/div>\n\t\t\t\t<div id=\"elementor-toc__2d91600\" class=\"elementor-toc__body\">\n\t\t\t<div class=\"elementor-toc__spinner-container\">\n\t\t\t\t<svg class=\"elementor-toc__spinner eicon-animation-spin e-font-icon-svg e-eicon-loading\" aria-hidden=\"true\" viewBox=\"0 0 1000 1000\" xmlns=\"http:\/\/www.w3.org\/2000\/svg\"><path d=\"M500 975V858C696 858 858 696 858 500S696 142 500 142 142 304 142 500H25C25 237 238 25 500 25S975 237 975 500 763 975 500 975Z\"><\/path><\/svg>\t\t\t<\/div>\n\t\t<\/div>\n\t\t\t\t\t\t<\/div>\n\t\t<div class=\"elementor-element elementor-element-4630158 e-con-full e-flex e-con e-child\" data-id=\"4630158\" data-element_type=\"container\" data-e-type=\"container\">\n\t\t\t\t<div class=\"elementor-element elementor-element-bc296f2 elementor-widget elementor-widget-heading\" data-id=\"bc296f2\" data-element_type=\"widget\" data-e-type=\"widget\" data-widget_type=\"heading.default\">\n\t\t\t\t\t<h2 class=\"elementor-heading-title elementor-size-default\">Introduction : Structure du site et cat\u00e9gories\n\n<\/h2>\t\t\t\t<\/div>\n\t\t\t\t<div class=\"elementor-element elementor-element-eb67ed8 elementor-widget elementor-widget-text-editor\" data-id=\"eb67ed8\" data-element_type=\"widget\" data-e-type=\"widget\" data-widget_type=\"text-editor.default\">\n\t\t\t\t\t\t\t\t\t<p><em>Comment notre site est organis\u00e9 ? Articles, pages et cat\u00e9gories<\/em><\/p><p><strong>Pourquoi des articles pour (presque) tout ?<\/strong> : Actualit\u00e9s, plateaux techniques, projets, prix\/distinctions, offres d\u2019emploi\/stages, parutions, plateformes.<\/p><p><strong>R\u00f4le des cat\u00e9gories<\/strong> (et non des tags) :<\/p><ul><li style=\"list-style-type: none;\"><ul><li>Chaque article doit \u00eatre class\u00e9 dans <strong>une ou plusieurs cat\u00e9gories<\/strong> (ex : \u00ab\u00a0Projets\u00a0\u00bb, \u00ab\u00a0Plateaux techniques\u00a0\u00bb, \u00ab\u00a0Actualit\u00e9s\u00a0\u00bb).<\/li><li>Exemple : Un article sur un nouveau projet ANR \u2192 cat\u00e9gorie \u00ab\u00a0Projets\u00a0\u00bb + sous-cat\u00e9gorie \u00ab\u00a0Projets ANR\u00a0\u00bb.<\/li><\/ul><\/li><\/ul><p><strong>Cas particulier<\/strong> : Les <strong>\u00e9v\u00e9nements<\/strong> (module propri\u00e9taire du th\u00e8me) \u2192 vid\u00e9o d\u00e9di\u00e9e.<\/p><p><strong>Diff\u00e9rence article\/page<\/strong> : Quand utiliser l\u2019un ou l\u2019autre ?<\/p><p><strong>Exemple visuel<\/strong> : Arborescence du site avec les cat\u00e9gories (ex : \u00ab\u00a0Recherche\u00a0\u00bb \u2192 \u00ab\u00a0Plateaux techniques\u00a0\u00bb \u2192 articles de la cat\u00e9gorie \u00ab\u00a0Plateaux techniques\u00a0\u00bb).<\/p>\t\t\t\t\t\t\t\t<\/div>\n\t\t\t\t<\/div>\n\t\t<div class=\"elementor-element elementor-element-91d7b26 e-con-full e-flex e-con e-child\" data-id=\"91d7b26\" data-element_type=\"container\" data-e-type=\"container\">\n\t\t\t\t<div class=\"elementor-element elementor-element-35db27b elementor-widget elementor-widget-heading\" data-id=\"35db27b\" data-element_type=\"widget\" data-e-type=\"widget\" data-widget_type=\"heading.default\">\n\t\t\t\t\t<h2 class=\"elementor-heading-title elementor-size-default\">Cr\u00e9er un Article : Les Bases\n<\/h2>\t\t\t\t<\/div>\n\t\t\t\t<div class=\"elementor-element elementor-element-249e8cd elementor-widget elementor-widget-text-editor\" data-id=\"249e8cd\" data-element_type=\"widget\" data-e-type=\"widget\" data-widget_type=\"text-editor.default\">\n\t\t\t\t\t\t\t\t\t<p><em>Cr\u00e9er un Article : Du Titre \u00e0 la Publication avec les bonnes cat\u00e9gories<\/em><\/p><p><span style=\"text-decoration: underline;\"><strong>Contenu<\/strong> :<\/span><\/p><p>\u00c9tapes cl\u00e9s : titre, contenu, <strong>image \u00e0 la une<\/strong>, <strong>cat\u00e9gories<\/strong> (choix selon le type : \u00ab\u00a0Actualit\u00e9s\u00a0\u00bb, \u00ab\u00a0Projets\u00a0\u00bb, etc.).<\/p><p><strong>Focus<\/strong> : Comment bien choisir ses cat\u00e9gories pour un affichage automatique dans les bonnes sections ?<\/p><ul><li style=\"list-style-type: none;\"><ul><li>Exemple : Un article sur une offre de stage \u2192 cat\u00e9gorie \u00ab\u00a0Offres d\u2019emploi et stages\u00a0\u00bb.<\/li><\/ul><\/li><\/ul><p>Pr\u00e9visualisation et publication.<\/p><p><strong>Cas pratique<\/strong> : Cr\u00e9er une actualit\u00e9 sur un partenariat (cat\u00e9gorie \u00ab\u00a0Actualit\u00e9s\u00a0\u00bb + \u00ab\u00a0Partenariats\u00a0\u00bb).<\/p>\t\t\t\t\t\t\t\t<\/div>\n\t\t\t\t<div class=\"elementor-element elementor-element-08825a3 elementor-widget elementor-widget-video\" data-id=\"08825a3\" data-element_type=\"widget\" data-e-type=\"widget\" data-settings=\"{&quot;video_type&quot;:&quot;hosted&quot;,&quot;controls&quot;:&quot;yes&quot;}\" data-widget_type=\"video.default\">\n\t\t\t\t\t\t\t<div class=\"e-hosted-video elementor-wrapper elementor-open-inline\">\n\t\t\t\t\t<video class=\"elementor-video\" src=\"https:\/\/intra-dev-2.excellis.org\/wp-content\/uploads\/2026\/02\/Cr%C3%A9er%20un%20Article%20-%20Les%20Bases.mp4\" controls=\"\" preload=\"metadata\" controlsList=\"nodownload\"><\/video>\n\t\t\t\t<\/div>\n\t\t\t\t\t\t<\/div>\n\t\t\t\t<div class=\"elementor-element elementor-element-bb4b4f5 elementor-widget elementor-widget-video\" data-id=\"bb4b4f5\" data-element_type=\"widget\" data-e-type=\"widget\" data-settings=\"{&quot;video_type&quot;:&quot;hosted&quot;,&quot;controls&quot;:&quot;yes&quot;}\" data-widget_type=\"video.default\">\n\t\t\t\t\t\t\t<div class=\"e-hosted-video elementor-wrapper elementor-open-inline\">\n\t\t\t\t\t<video class=\"elementor-video\" src=\"https:\/\/intra-dev-2.excellis.org\/wp-content\/uploads\/2026\/01\/video.mp4\" controls=\"\" preload=\"metadata\" controlsList=\"nodownload\" poster=\"https:\/\/intra-dev-2.excellis.org\/wp-content\/uploads\/2026\/01\/Vignette-2.png\"><\/video>\n\t\t\t\t<\/div>\n\t\t\t\t\t\t<\/div>\n\t\t\t\t<\/div>\n\t\t<div class=\"elementor-element elementor-element-5b47883 e-con-full e-flex e-con e-child\" data-id=\"5b47883\" data-element_type=\"container\" data-e-type=\"container\">\n\t\t\t\t<div class=\"elementor-element elementor-element-a53866e elementor-widget elementor-widget-heading\" data-id=\"a53866e\" data-element_type=\"widget\" data-e-type=\"widget\" data-widget_type=\"heading.default\">\n\t\t\t\t\t<h2 class=\"elementor-heading-title elementor-size-default\">Personnaliser un article avec Elementor\n<\/h2>\t\t\t\t<\/div>\n\t\t\t\t<div class=\"elementor-element elementor-element-314d925 elementor-widget elementor-widget-text-editor\" data-id=\"314d925\" data-element_type=\"widget\" data-e-type=\"widget\" data-widget_type=\"text-editor.default\">\n\t\t\t\t\t\t\t\t\t<p><em>Utiliser un template Elementor pour un article<\/em><\/p><p><span style=\"text-decoration: underline;\"><strong>Contenu<\/strong> :<\/span><\/p><p>S\u00e9lectionner un <strong>template pr\u00e9\u00e9tabli<\/strong> selon la cat\u00e9gorie de l\u2019article (ex : template \u00ab\u00a0Projet\u00a0\u00bb pour un article de la cat\u00e9gorie \u00ab\u00a0Projets\u00a0\u00bb).<\/p><p>Remplacer les images\/placeholders du template.<\/p><p>Modifier un bloc (ex : mettre \u00e0 jour la description d\u2019un projet).<\/p><p><strong>Exemple<\/strong> : Personnaliser un article de la cat\u00e9gorie \u00ab\u00a0Plateaux techniques\u00a0\u00bb avec le template d\u00e9di\u00e9.<\/p>\t\t\t\t\t\t\t\t<\/div>\n\t\t\t\t<\/div>\n\t\t<div class=\"elementor-element elementor-element-39d0370 e-con-full e-flex e-con e-child\" data-id=\"39d0370\" data-element_type=\"container\" data-e-type=\"container\">\n\t\t\t\t<div class=\"elementor-element elementor-element-f10ba02 elementor-widget elementor-widget-heading\" data-id=\"f10ba02\" data-element_type=\"widget\" data-e-type=\"widget\" data-widget_type=\"heading.default\">\n\t\t\t\t\t<h2 class=\"elementor-heading-title elementor-size-default\">Cr\u00e9er et g\u00e9rer un \u00e9v\u00e9nement\n<\/h2>\t\t\t\t<\/div>\n\t\t\t\t<div class=\"elementor-element elementor-element-94da118 elementor-widget elementor-widget-text-editor\" data-id=\"94da118\" data-element_type=\"widget\" data-e-type=\"widget\" data-widget_type=\"text-editor.default\">\n\t\t\t\t\t\t\t\t\t<p><em>Cr\u00e9er un \u00e9v\u00e9nement avec le module propri\u00e9taire<\/em><\/p><p class=\"whitespace-break-spaces\" dir=\"auto\"><span style=\"text-decoration: underline;\"><strong>Contenu<\/strong> :<\/span><\/p><p>Acc\u00e9der au module <strong>\u00c9v\u00e9nements<\/strong> (localisation dans le tableau de bord).<\/p><p>Saisie des champs sp\u00e9cifiques : date, lieu, description, image, cat\u00e9gorie d\u2019\u00e9v\u00e9nement (ex : \u00ab\u00a0S\u00e9minaires\u00a0\u00bb, \u00ab\u00a0Conf\u00e9rences\u00a0\u00bb).<\/p><p><strong>Astuce<\/strong> : Lier un \u00e9v\u00e9nement \u00e0 un article (ex : actualit\u00e9 annon\u00e7ant l\u2019\u00e9v\u00e9nement).<\/p><p><strong>Cas pratique<\/strong> : Cr\u00e9er un \u00e9v\u00e9nement pour une journ\u00e9e portes ouvertes.<\/p>\t\t\t\t\t\t\t\t<\/div>\n\t\t\t\t<\/div>\n\t\t<div class=\"elementor-element elementor-element-1bb9842 e-con-full e-flex e-con e-child\" data-id=\"1bb9842\" data-element_type=\"container\" data-e-type=\"container\">\n\t\t\t\t<div class=\"elementor-element elementor-element-288e1ca elementor-widget elementor-widget-heading\" data-id=\"288e1ca\" data-element_type=\"widget\" data-e-type=\"widget\" data-widget_type=\"heading.default\">\n\t\t\t\t\t<h2 class=\"elementor-heading-title elementor-size-default\">Cr\u00e9er une page et la lier \u00e0 la bonne section\n\n<\/h2>\t\t\t\t<\/div>\n\t\t\t\t<div class=\"elementor-element elementor-element-4ace008 elementor-widget elementor-widget-text-editor\" data-id=\"4ace008\" data-element_type=\"widget\" data-e-type=\"widget\" data-widget_type=\"text-editor.default\">\n\t\t\t\t\t\t\t\t\t<p><em>Cr\u00e9er une page et la placer dans l\u2019arborescence<\/em><\/p><p class=\"whitespace-break-spaces\" dir=\"auto\"><span style=\"text-decoration: underline;\"><strong>Contenu<\/strong> :<\/span><\/p><p>Choisir le <strong>parent<\/strong> (ex : la page \u00ab\u00a0Projets\u00a0\u00bb est fille de \u00ab\u00a0Recherche\u00a0\u00bb).<\/p><p>Utiliser un <strong>template de page<\/strong> (ex : template \u00ab\u00a0Page \u00c9quipe\u00a0\u00bb).<\/p><p><strong>Exemple<\/strong> : Cr\u00e9er une page pour un nouveau projet europ\u00e9en.<\/p>\t\t\t\t\t\t\t\t<\/div>\n\t\t\t\t<\/div>\n\t\t<div class=\"elementor-element elementor-element-b9fa444 e-con-full e-flex e-con e-child\" data-id=\"b9fa444\" data-element_type=\"container\" data-e-type=\"container\">\n\t\t\t\t<div class=\"elementor-element elementor-element-48aeaa2 elementor-widget elementor-widget-heading\" data-id=\"48aeaa2\" data-element_type=\"widget\" data-e-type=\"widget\" data-widget_type=\"heading.default\">\n\t\t\t\t\t<h2 class=\"elementor-heading-title elementor-size-default\">G\u00e9rer les menus\n<\/h2>\t\t\t\t<\/div>\n\t\t\t\t<div class=\"elementor-element elementor-element-c497948 elementor-widget elementor-widget-text-editor\" data-id=\"c497948\" data-element_type=\"widget\" data-e-type=\"widget\" data-widget_type=\"text-editor.default\">\n\t\t\t\t\t\t\t\t\t<p><em>Ajouter une page \u00e0 un menu<\/em><\/p><p class=\"whitespace-break-spaces\" dir=\"auto\"><span style=\"text-decoration: underline;\"><strong>Contenu<\/strong> :<\/span><\/p><p>O\u00f9 g\u00e9rer les menus dans WordPress.<\/p><p>Ajouter une page et l\u2019ordonner (glisser-d\u00e9poser).<\/p><p><strong>V\u00e9rification<\/strong> : Toujours publier la page avant de l\u2019ajouter au menu !<\/p><p><strong>Exemple<\/strong> : Ajouter la page \u00ab\u00a0Nouveau projet\u00a0\u00bb sous \u00ab\u00a0Recherche &gt; Projets\u00a0\u00bb.<\/p>\t\t\t\t\t\t\t\t<\/div>\n\t\t\t\t<\/div>\n\t\t<div class=\"elementor-element elementor-element-bdb61cf e-con-full e-flex e-con e-child\" data-id=\"bdb61cf\" data-element_type=\"container\" data-e-type=\"container\">\n\t\t\t\t<div class=\"elementor-element elementor-element-a48f1bf elementor-widget elementor-widget-heading\" data-id=\"a48f1bf\" data-element_type=\"widget\" data-e-type=\"widget\" data-widget_type=\"heading.default\">\n\t\t\t\t\t<h2 class=\"elementor-heading-title elementor-size-default\">Cr\u00e9er un template Elementor<\/h2>\t\t\t\t<\/div>\n\t\t\t\t<div class=\"elementor-element elementor-element-452fe2c elementor-widget elementor-widget-text-editor\" data-id=\"452fe2c\" data-element_type=\"widget\" data-e-type=\"widget\" data-widget_type=\"text-editor.default\">\n\t\t\t\t\t\t\t\t\t<p><em>Cr\u00e9er un template r\u00e9utilisable pour articles\/pages<\/em><\/p><p class=\"whitespace-break-spaces\" dir=\"auto\"><span style=\"text-decoration: underline;\"><strong>Contenu<\/strong> :<\/span><\/p><p>Quand cr\u00e9er un template ? (ex : toutes les pages de la cat\u00e9gorie \u00ab\u00a0Prix et distinctions\u00a0\u00bb doivent avoir la m\u00eame structure).<\/p><p>\u00c9tapes : nommer le template, ajouter des <strong>containers<\/strong>, sauvegarder.<\/p><p><strong>Bonnes pratiques<\/strong> : Noms clairs (ex : <code class=\"font-weight-400 rounded-md bg-state-ghost-hover p-1 text-sm whitespace-normal\" data-testid=\"code-block\">Template_Prix_2026<\/code>).<\/p><p><strong>Exemple<\/strong> : Cr\u00e9er un template pour les articles de la cat\u00e9gorie \u00ab\u00a0Parutions\u00a0\u00bb.<\/p>\t\t\t\t\t\t\t\t<\/div>\n\t\t\t\t<\/div>\n\t\t<div class=\"elementor-element elementor-element-4451ab6 e-con-full e-flex e-con e-child\" data-id=\"4451ab6\" data-element_type=\"container\" data-e-type=\"container\">\n\t\t\t\t<div class=\"elementor-element elementor-element-4b6a41e elementor-widget elementor-widget-heading\" data-id=\"4b6a41e\" data-element_type=\"widget\" data-e-type=\"widget\" data-widget_type=\"heading.default\">\n\t\t\t\t\t<h2 class=\"elementor-heading-title elementor-size-default\">Modifier un template existant<\/h2>\t\t\t\t<\/div>\n\t\t\t\t<div class=\"elementor-element elementor-element-041a81f elementor-widget elementor-widget-text-editor\" data-id=\"041a81f\" data-element_type=\"widget\" data-e-type=\"widget\" data-widget_type=\"text-editor.default\">\n\t\t\t\t\t\t\t\t\t<p><em>Ajouter du contenu \u00e0 un template sans tout casser<\/em><\/p><p class=\"whitespace-break-spaces\" dir=\"auto\"><span style=\"text-decoration: underline;\"><strong>Contenu<\/strong> :<\/span><\/p><p>Ajouter un <strong>container<\/strong> (ex : section \u00ab\u00a0Financements\u00a0\u00bb pour un projet).<\/p><p>Dupliquer\/modifier un bloc existant.<\/p><p><strong>Attention<\/strong> : Ne pas supprimer des \u00e9l\u00e9ments utilis\u00e9s ailleurs.<\/p><p><strong>Cas pratique<\/strong> : Ajouter un bloc \u00ab\u00a0Membres de l\u2019\u00e9quipe\u00a0\u00bb \u00e0 un template de projet.<\/p>\t\t\t\t\t\t\t\t<\/div>\n\t\t\t\t<\/div>\n\t\t\t\t<\/div>\n\t\t\t\t<\/div>\n\t\t\t\t\t<\/div>\n\t\t\t\t<\/div>\n\t\t\t\t<\/div>\n\t\t","protected":false},"excerpt":{"rendered":"<p>Menu Vie du Laboratoire Finances Ressources Humaines Communication Services Num\u00e9riques Documentation Scientifique Hygi\u00e8ne et S\u00e9curit\u00e9 Plateformes M\u00e9diation Scientifique Europe Espace Nouvelle Direction Tutoriels WordPress \u2013 Site Web du GIPSA-lab : Formation pour les \u00e9diteurs Ma\u00eetrisez la cr\u00e9ation de contenu, les cat\u00e9gories, les templates et les \u00e9v\u00e9nements pour un site dynamique et coh\u00e9rent. Table des Mati\u00e8res [&hellip;]<\/p>\n","protected":false},"author":2,"featured_media":0,"parent":11222,"menu_order":1,"comment_status":"closed","ping_status":"closed","template":"","meta":{"rs_blank_template":"","rs_page_bg_color":"","slide_template_v7":"","footnotes":""},"class_list":["post-11234","page","type-page","status-publish","hentry"],"lang":"fr","translations":{"fr":11234},"pll_sync_post":[],"_links":{"self":[{"href":"https:\/\/intra-dev-2.excellis.org\/index.php?rest_route=\/wp\/v2\/pages\/11234","targetHints":{"allow":["GET"]}}],"collection":[{"href":"https:\/\/intra-dev-2.excellis.org\/index.php?rest_route=\/wp\/v2\/pages"}],"about":[{"href":"https:\/\/intra-dev-2.excellis.org\/index.php?rest_route=\/wp\/v2\/types\/page"}],"author":[{"embeddable":true,"href":"https:\/\/intra-dev-2.excellis.org\/index.php?rest_route=\/wp\/v2\/users\/2"}],"replies":[{"embeddable":true,"href":"https:\/\/intra-dev-2.excellis.org\/index.php?rest_route=%2Fwp%2Fv2%2Fcomments&post=11234"}],"version-history":[{"count":28,"href":"https:\/\/intra-dev-2.excellis.org\/index.php?rest_route=\/wp\/v2\/pages\/11234\/revisions"}],"predecessor-version":[{"id":13669,"href":"https:\/\/intra-dev-2.excellis.org\/index.php?rest_route=\/wp\/v2\/pages\/11234\/revisions\/13669"}],"up":[{"embeddable":true,"href":"https:\/\/intra-dev-2.excellis.org\/index.php?rest_route=\/wp\/v2\/pages\/11222"}],"wp:attachment":[{"href":"https:\/\/intra-dev-2.excellis.org\/index.php?rest_route=%2Fwp%2Fv2%2Fmedia&parent=11234"}],"curies":[{"name":"wp","href":"https:\/\/api.w.org\/{rel}","templated":true}]}}