{"id":6418,"date":"2025-11-24T10:29:08","date_gmt":"2025-11-24T09:29:08","guid":{"rendered":"https:\/\/intra-dev-2.excellis.org\/?page_id=6418"},"modified":"2026-02-03T09:08:27","modified_gmt":"2026-02-03T08:08:27","slug":"animation","status":"publish","type":"page","link":"https:\/\/intra-dev-2.excellis.org\/?page_id=6418","title":{"rendered":"Animation"},"content":{"rendered":"\t\t<div data-elementor-type=\"wp-page\" data-elementor-id=\"6418\" class=\"elementor elementor-6418\" data-elementor-post-type=\"page\">\n\t\t\t\t<div class=\"elementor-element elementor-element-5d43410 e-flex e-con-boxed e-con e-parent\" data-id=\"5d43410\" data-element_type=\"container\" data-e-type=\"container\" data-settings=\"{&quot;background_background&quot;:&quot;classic&quot;}\">\n\t\t\t\t\t<div class=\"e-con-inner\">\n\t\t<div class=\"elementor-element elementor-element-dbb5153 e-con-full e-flex e-con e-child\" data-id=\"dbb5153\" data-element_type=\"container\" data-e-type=\"container\">\n\t\t\t\t<div class=\"elementor-element elementor-element-a160527 elementor-widget elementor-widget-ova_list_link\" data-id=\"a160527\" data-element_type=\"widget\" data-e-type=\"widget\" data-widget_type=\"ova_list_link.default\">\n\t\t\t\t<div class=\"elementor-widget-container\">\n\t\t\t\t\t\t\t<div class=\"ova_list_link box-shadow\">\n\t\t\t\t\t\t<h3 class=\"title\">\n\t\t\t\tAnimation\t\t\t<\/h3>\n\t\t\t\t\t\t\t\t\t<ul class=\"content\">\n\t\t\t\t\t\t\t\t\t<li class=\"item\">\n\t\t\t\t\t\t<a href=\"https:\/\/intra-dev-2.excellis.org\/?page_id=11127\">\n\t\t\t\t\t\t\tM\u00e9diation Culturelle et Scientifique\t\t\t\t\t\t\t\t\t\t\t\t\t\t<span class=\"icon\">\n\t\t\t\t\t\t\t\t<i data-feather=\"chevron-right\"><\/i>\n\t\t\t\t\t\t\t<\/span>\n\t\t\t\t\t\t    \t\t\t\t\t\t    \t\t\t\t\t\t\t<span class=\"icon-hover\">\n\t\t\t\t\t\t\t\t<i data-feather=\"arrow-right\"><\/i>\n\t\t\t\t\t\t\t<\/span>\n\t\t\t\t\t\t\t \t\t\t\t\t\t<\/a>\n\n\t\t\t\t\t<\/li>\n\t\t\t\t\t\t\t\t\t<li class=\"item\">\n\t\t\t\t\t\t<a href=\"https:\/\/intra-dev-2.excellis.org\/?page_id=11690\">\n\t\t\t\t\t\t\tAssociations\t\t\t\t\t\t\t\t\t\t\t\t\t\t<span class=\"icon\">\n\t\t\t\t\t\t\t\t<i data-feather=\"chevron-right\"><\/i>\n\t\t\t\t\t\t\t<\/span>\n\t\t\t\t\t\t    \t\t\t\t\t\t    \t\t\t\t\t\t\t<span class=\"icon-hover\">\n\t\t\t\t\t\t\t\t<i data-feather=\"arrow-right\"><\/i>\n\t\t\t\t\t\t\t<\/span>\n\t\t\t\t\t\t\t \t\t\t\t\t\t<\/a>\n\n\t\t\t\t\t<\/li>\n\t\t\t\t\t\t\t<\/ul>\n\t\t\t\t\t<\/div>\n\t\t\t\t\t\t<\/div>\n\t\t\t\t<\/div>\n\t\t\t\t<\/div>\n\t\t<div class=\"elementor-element elementor-element-578cc1a e-con-full e-flex e-con e-child\" data-id=\"578cc1a\" data-element_type=\"container\" data-e-type=\"container\">\n\t\t\t\t<div class=\"elementor-element elementor-element-19e5199 elementor-widget elementor-widget-heading\" data-id=\"19e5199\" data-element_type=\"widget\" data-e-type=\"widget\" data-widget_type=\"heading.default\">\n\t\t\t\t\t<h2 class=\"elementor-heading-title elementor-size-default\">Animation : Vie culturelle, scientifique et associative du GIPSA-lab<\/h2>\t\t\t\t<\/div>\n\t\t\t\t<div class=\"elementor-element elementor-element-6bb1aa8 elementor-drop-cap-yes elementor-drop-cap-view-default elementor-widget elementor-widget-text-editor\" data-id=\"6bb1aa8\" data-element_type=\"widget\" data-e-type=\"widget\" data-settings=\"{&quot;drop_cap&quot;:&quot;yes&quot;}\" data-widget_type=\"text-editor.default\">\n\t\t\t\t\t\t\t\t\t<p>Au GIPSA-lab, la recherche ne se limite pas aux laboratoires : elle s\u2019enrichit d\u2019\u00e9changes, de partage et d\u2019engagement. Cette page est d\u00e9di\u00e9e \u00e0 la <strong>m\u00e9diation culturelle et scientifique<\/strong>, ainsi qu\u2019\u00e0 la <strong>vie associative<\/strong> qui animent notre communaut\u00e9. D\u00e9couvrez comment nos membres s\u2019investissent pour rendre la science accessible, dynamiser la vie du laboratoire et cr\u00e9er du lien entre chercheurs, \u00e9tudiants et partenaires.<\/p>\t\t\t\t\t\t\t\t<\/div>\n\t\t\t\t<div class=\"elementor-element elementor-element-325d015 elementor-widget elementor-widget-heading\" data-id=\"325d015\" data-element_type=\"widget\" data-e-type=\"widget\" data-widget_type=\"heading.default\">\n\t\t\t\t\t<h3 class=\"elementor-heading-title elementor-size-default\">D\u00e9couvrez nos actions phares <\/h3>\t\t\t\t<\/div>\n\t\t\t\t<div class=\"elementor-element elementor-element-9e1016a elementor-widget elementor-widget-text-editor\" data-id=\"9e1016a\" data-element_type=\"widget\" data-e-type=\"widget\" data-widget_type=\"text-editor.default\">\n\t\t\t\t\t\t\t\t\t<p class=\"whitespace-break-spaces\"><strong><a class=\"fade-in\" href=\"lien_vers_sous-page\" target=\"_blank\" rel=\"nofollow noopener noreferrer external\">M\u00e9diation culturelle et scientifique<\/a><\/strong> Le GIPSA-lab s\u2019engage \u00e0 <strong><span class=\"followup-block followup-block-hidden cursor-pointer outline-none static inline group-hover\/message:[--hover-opacity:1]\" tabindex=\"0\" data-question=\"Quels publics cibles sont prioritaires pour les actions de m\u00e9diation scientifique du GIPSA-lab et pourquoi ?\" aria-haspopup=\"dialog\" aria-expanded=\"false\" aria-controls=\"radix-_r_f7_\" data-state=\"closed\">rendre la science accessible \u00e0 tous<\/span><\/strong> \u00e0 travers des ateliers, conf\u00e9rences grand public, expositions et collaborations avec des institutions culturelles. Cette sous-page pr\u00e9sente nos initiatives pour :<\/p>\t\t\t\t\t\t\t\t<\/div>\n\t\t\t\t<div class=\"elementor-element elementor-element-9622cb3 elementor-widget elementor-widget-ova_list_checked\" data-id=\"9622cb3\" data-element_type=\"widget\" data-e-type=\"widget\" data-widget_type=\"ova_list_checked.default\">\n\t\t\t\t<div class=\"elementor-widget-container\">\n\t\t\t\t\t\t\t\n\t\t<div class=\"ova_list_checked\" >\n\t\t\t\t\t\t\t<ul>\n\t\t\t\t\t\t\t\t\t<li class=\"item\">\n\t\t\t\t\t\t<i data-feather=\"check-circle\"><\/i>\n\t\t\t\t\t\t<span>Sensibiliser le grand public aux enjeux de la recherche.<\/span>\n\t\t\t\t\t<\/li>\n\t\t\t\t\t\t\t\t\t<li class=\"item\">\n\t\t\t\t\t\t<i data-feather=\"check-circle\"><\/i>\n\t\t\t\t\t\t<span>Organiser des \u00e9v\u00e9nements pour les scolaires (lyc\u00e9es, coll\u00e8ges).<\/span>\n\t\t\t\t\t<\/li>\n\t\t\t\t\t\t\t\t\t<li class=\"item\">\n\t\t\t\t\t\t<i data-feather=\"check-circle\"><\/i>\n\t\t\t\t\t\t<span>Participer \u00e0 des festivals scientifiques (ex : F\u00eate de la Science).<\/span>\n\t\t\t\t\t<\/li>\n\t\t\t\t\t\t\t\t\t<li class=\"item\">\n\t\t\t\t\t\t<i data-feather=\"check-circle\"><\/i>\n\t\t\t\t\t\t<span>Exemple : Ateliers sur l\u2019acoustique, d\u00e9monstrations de robotique, etc.<\/span>\n\t\t\t\t\t<\/li>\n\t\t\t\t\t\t\t\t<\/ul>\n\t\t\t\n\t\t<\/div>\n\n\t\t\t\t\t\t<\/div>\n\t\t\t\t<\/div>\n\t\t\t\t<div class=\"elementor-element elementor-element-1cc0c66 elementor-widget elementor-widget-text-editor\" data-id=\"1cc0c66\" data-element_type=\"widget\" data-e-type=\"widget\" data-widget_type=\"text-editor.default\">\n\t\t\t\t\t\t\t\t\t<p class=\"whitespace-break-spaces\"><strong><a class=\"fade-in\" href=\"lien_vers_sous-page\" target=\"_blank\" rel=\"nofollow noopener noreferrer external\">Associations<\/a><\/strong> La vie associative est un pilier de la dynamique du GIPSA-lab. Deux associations animent particuli\u00e8rement notre communaut\u00e9 :<\/p><ul><li style=\"list-style-type: none;\"><ul><li><strong>GipsADoc<\/strong> : L\u2019association des doctorants du GIPSA-lab, qui organise des <span class=\"followup-block followup-block-hidden cursor-pointer outline-none static inline group-hover\/message:[--hover-opacity:1]\" tabindex=\"0\" data-question=\"Quels sont les th\u00e8mes ou formats de s\u00e9minaires les plus appr\u00e9ci\u00e9s par les doctorants au sein de GipsADoc ?\" aria-haspopup=\"dialog\" aria-expanded=\"false\" aria-controls=\"radix-_r_fa_\" data-state=\"closed\">s\u00e9minaires, des sorties culturelles et des moments de convivialit\u00e9<\/span> pour les doctorants.<\/li><li><strong>CHRISTIAN BENOIT Association<\/strong> : D\u00e9di\u00e9e \u00e0 la m\u00e9moire de Christian Benoit, cette association <span class=\"followup-block followup-block-hidden cursor-pointer outline-none static inline group-hover\/message:[--hover-opacity:1]\" tabindex=\"0\" data-question=\"Quels types de projets l\u2019association CHRISTIAN BENOIT a-t-elle soutenus r\u00e9cemment dans le domaine de la recherche ?\" aria-haspopup=\"dialog\" aria-expanded=\"false\" aria-controls=\"radix-_r_fb_\" data-state=\"closed\">soutient des projets li\u00e9s \u00e0 la recherche et \u00e0 la diffusion des savoirs<\/span>.<\/li><\/ul><\/li><\/ul><p><em>Rejoignez-les !\u00a0<\/em>Ces associations sont ouvertes \u00e0 tous les membres du laboratoire. Retrouvez leurs actualit\u00e9s, \u00e9v\u00e9nements et modalit\u00e9s d\u2019adh\u00e9sion sur cette sous-page.<\/p>\t\t\t\t\t\t\t\t<\/div>\n\t\t\t\t<\/div>\n\t\t\t\t\t<\/div>\n\t\t\t\t<\/div>\n\t\t\t\t<\/div>\n\t\t","protected":false},"excerpt":{"rendered":"<p>Animation M\u00e9diation Culturelle et Scientifique Associations Animation : Vie culturelle, scientifique et associative du GIPSA-lab Au GIPSA-lab, la recherche ne se limite pas aux laboratoires : elle s\u2019enrichit d\u2019\u00e9changes, de partage et d\u2019engagement. Cette page est d\u00e9di\u00e9e \u00e0 la m\u00e9diation culturelle et scientifique, ainsi qu\u2019\u00e0 la vie associative qui animent notre communaut\u00e9. D\u00e9couvrez comment nos [&hellip;]<\/p>\n","protected":false},"author":2,"featured_media":0,"parent":0,"menu_order":4,"comment_status":"closed","ping_status":"closed","template":"","meta":{"rs_blank_template":"","rs_page_bg_color":"","slide_template_v7":"","footnotes":""},"class_list":["post-6418","page","type-page","status-publish","hentry"],"lang":"fr","translations":{"fr":6418,"en":6718},"pll_sync_post":[],"_links":{"self":[{"href":"https:\/\/intra-dev-2.excellis.org\/index.php?rest_route=\/wp\/v2\/pages\/6418","targetHints":{"allow":["GET"]}}],"collection":[{"href":"https:\/\/intra-dev-2.excellis.org\/index.php?rest_route=\/wp\/v2\/pages"}],"about":[{"href":"https:\/\/intra-dev-2.excellis.org\/index.php?rest_route=\/wp\/v2\/types\/page"}],"author":[{"embeddable":true,"href":"https:\/\/intra-dev-2.excellis.org\/index.php?rest_route=\/wp\/v2\/users\/2"}],"replies":[{"embeddable":true,"href":"https:\/\/intra-dev-2.excellis.org\/index.php?rest_route=%2Fwp%2Fv2%2Fcomments&post=6418"}],"version-history":[{"count":43,"href":"https:\/\/intra-dev-2.excellis.org\/index.php?rest_route=\/wp\/v2\/pages\/6418\/revisions"}],"predecessor-version":[{"id":12160,"href":"https:\/\/intra-dev-2.excellis.org\/index.php?rest_route=\/wp\/v2\/pages\/6418\/revisions\/12160"}],"wp:attachment":[{"href":"https:\/\/intra-dev-2.excellis.org\/index.php?rest_route=%2Fwp%2Fv2%2Fmedia&parent=6418"}],"curies":[{"name":"wp","href":"https:\/\/api.w.org\/{rel}","templated":true}]}}