{"id":7754,"date":"2025-12-04T21:29:53","date_gmt":"2025-12-04T20:29:53","guid":{"rendered":"https:\/\/intra-dev-2.excellis.org\/?page_id=7754"},"modified":"2026-01-30T16:21:03","modified_gmt":"2026-01-30T15:21:03","slug":"service-informatique","status":"publish","type":"page","link":"https:\/\/intra-dev-2.excellis.org\/?page_id=7754","title":{"rendered":"Service Informatique"},"content":{"rendered":"\t\t<div data-elementor-type=\"wp-page\" data-elementor-id=\"7754\" class=\"elementor elementor-7754\" data-elementor-post-type=\"page\">\n\t\t\t\t<div class=\"elementor-element elementor-element-20108726 e-flex e-con-boxed e-con e-parent\" data-id=\"20108726\" data-element_type=\"container\" data-e-type=\"container\" data-settings=\"{&quot;background_background&quot;:&quot;classic&quot;}\">\n\t\t\t\t\t<div class=\"e-con-inner\">\n\t\t<div class=\"elementor-element elementor-element-5df85ed3 e-con-full e-flex e-con e-child\" data-id=\"5df85ed3\" data-element_type=\"container\" data-e-type=\"container\" data-settings=\"{&quot;background_background&quot;:&quot;classic&quot;}\">\n\t\t<div class=\"elementor-element elementor-element-46d4b219 e-con-full e-flex e-con e-child\" data-id=\"46d4b219\" data-element_type=\"container\" data-e-type=\"container\">\n\t\t<div class=\"elementor-element elementor-element-3bffca4d e-con-full e-flex e-con e-child\" data-id=\"3bffca4d\" data-element_type=\"container\" data-e-type=\"container\">\n\t\t\t\t<div class=\"elementor-element elementor-element-6b91eec8 elementor-widget elementor-widget-heading\" data-id=\"6b91eec8\" data-element_type=\"widget\" data-e-type=\"widget\" data-widget_type=\"heading.default\">\n\t\t\t\t\t<h2 class=\"elementor-heading-title elementor-size-default\">Responsable du Service<\/h2>\t\t\t\t<\/div>\n\t\t\t\t<div class=\"elementor-element elementor-element-c33cd85 elementor-widget elementor-widget-image\" data-id=\"c33cd85\" data-element_type=\"widget\" data-e-type=\"widget\" data-widget_type=\"image.default\">\n\t\t\t\t\t\t\t\t\t\t\t\t\t\t\t<img fetchpriority=\"high\" decoding=\"async\" width=\"300\" height=\"360\" src=\"https:\/\/intra-dev-2.excellis.org\/wp-content\/uploads\/2025\/12\/6eb271f68b99c6fed8e8f904414d2a1c.png\" class=\"attachment-large size-large wp-image-9538\" alt=\"\" srcset=\"https:\/\/intra-dev-2.excellis.org\/wp-content\/uploads\/2025\/12\/6eb271f68b99c6fed8e8f904414d2a1c.png 300w, https:\/\/intra-dev-2.excellis.org\/wp-content\/uploads\/2025\/12\/6eb271f68b99c6fed8e8f904414d2a1c-250x300.png 250w\" sizes=\"(max-width: 300px) 100vw, 300px\" \/>\t\t\t\t\t\t\t\t\t\t\t\t\t\t\t<\/div>\n\t\t\t\t<div class=\"elementor-element elementor-element-70dd4d6 elementor-widget elementor-widget-heading\" data-id=\"70dd4d6\" data-element_type=\"widget\" data-e-type=\"widget\" data-widget_type=\"heading.default\">\n\t\t\t\t\t<h2 class=\"elementor-heading-title elementor-size-default\">Christian BULFONE<\/h2>\t\t\t\t<\/div>\n\t\t\t\t<\/div>\n\t\t\t\t<div class=\"elementor-element elementor-element-13d0bc71 elementor-widget-divider--view-line elementor-widget elementor-widget-divider\" data-id=\"13d0bc71\" data-element_type=\"widget\" data-e-type=\"widget\" data-widget_type=\"divider.default\">\n\t\t\t\t\t\t\t<div class=\"elementor-divider\">\n\t\t\t<span class=\"elementor-divider-separator\">\n\t\t\t\t\t\t<\/span>\n\t\t<\/div>\n\t\t\t\t\t\t<\/div>\n\t\t\t\t<div class=\"elementor-element elementor-element-5fd1281c elementor-widget elementor-widget-heading\" data-id=\"5fd1281c\" data-element_type=\"widget\" data-e-type=\"widget\" data-widget_type=\"heading.default\">\n\t\t\t\t\t<h2 class=\"elementor-heading-title elementor-size-default\">Membres de l'\u00c9quipe<\/h2>\t\t\t\t<\/div>\n\t\t\t\t<div class=\"elementor-element elementor-element-443af55c elementor-icon-list--layout-traditional elementor-list-item-link-full_width elementor-widget elementor-widget-icon-list\" data-id=\"443af55c\" data-element_type=\"widget\" data-e-type=\"widget\" data-widget_type=\"icon-list.default\">\n\t\t\t\t\t\t\t<ul class=\"elementor-icon-list-items\">\n\t\t\t\t\t\t\t<li class=\"elementor-icon-list-item\">\n\t\t\t\t\t\t\t\t\t\t\t<a href=\"https:\/\/intra-dev-2.excellis.org\/?team=christian-bulfone\">\n\n\t\t\t\t\t\t\t\t\t\t\t<span class=\"elementor-icon-list-text\">BULFONE Christian<\/span>\n\t\t\t\t\t\t\t\t\t\t\t<\/a>\n\t\t\t\t\t\t\t\t\t<\/li>\n\t\t\t\t\t\t\t\t<li class=\"elementor-icon-list-item\">\n\t\t\t\t\t\t\t\t\t\t\t<a href=\"#\">\n\n\t\t\t\t\t\t\t\t\t\t\t<span class=\"elementor-icon-list-text\">CHABERT Olivier<\/span>\n\t\t\t\t\t\t\t\t\t\t\t<\/a>\n\t\t\t\t\t\t\t\t\t<\/li>\n\t\t\t\t\t\t\t\t<li class=\"elementor-icon-list-item\">\n\t\t\t\t\t\t\t\t\t\t\t<a href=\"#\">\n\n\t\t\t\t\t\t\t\t\t\t\t<span class=\"elementor-icon-list-text\">LAMIGE Lionel<\/span>\n\t\t\t\t\t\t\t\t\t\t\t<\/a>\n\t\t\t\t\t\t\t\t\t<\/li>\n\t\t\t\t\t\t\t\t<li class=\"elementor-icon-list-item\">\n\t\t\t\t\t\t\t\t\t\t\t<a href=\"https:\/\/intra-dev-2.excellis.org\/?team=arnaud-lemire\">\n\n\t\t\t\t\t\t\t\t\t\t\t<span class=\"elementor-icon-list-text\">LEMIRE Arnaud<\/span>\n\t\t\t\t\t\t\t\t\t\t\t<\/a>\n\t\t\t\t\t\t\t\t\t<\/li>\n\t\t\t\t\t\t\t\t<li class=\"elementor-icon-list-item\">\n\t\t\t\t\t\t\t\t\t\t\t<a href=\"#\">\n\n\t\t\t\t\t\t\t\t\t\t\t<span class=\"elementor-icon-list-text\">URANKAR Mika\u00ebl<\/span>\n\t\t\t\t\t\t\t\t\t\t\t<\/a>\n\t\t\t\t\t\t\t\t\t<\/li>\n\t\t\t\t\t\t\t\t<li class=\"elementor-icon-list-item\">\n\t\t\t\t\t\t\t\t\t\t\t<a href=\"#\">\n\n\t\t\t\t\t\t\t\t\t\t\t<span class=\"elementor-icon-list-text\">VILLET Teo<\/span>\n\t\t\t\t\t\t\t\t\t\t\t<\/a>\n\t\t\t\t\t\t\t\t\t<\/li>\n\t\t\t\t\t\t<\/ul>\n\t\t\t\t\t\t<\/div>\n\t\t<div class=\"elementor-element elementor-element-769d168b e-con-full e-flex e-con e-child\" data-id=\"769d168b\" data-element_type=\"container\" data-e-type=\"container\" data-settings=\"{&quot;background_background&quot;:&quot;classic&quot;}\">\n\t\t\t\t<div class=\"elementor-element elementor-element-2fd2bb5c elementor-widget elementor-widget-heading\" data-id=\"2fd2bb5c\" data-element_type=\"widget\" data-e-type=\"widget\" data-widget_type=\"heading.default\">\n\t\t\t\t\t<h2 class=\"elementor-heading-title elementor-size-default\">Contact(s)<\/h2>\t\t\t\t<\/div>\n\t\t\t\t<div class=\"elementor-element elementor-element-31c3a87c elementor-widget elementor-widget-heading\" data-id=\"31c3a87c\" data-element_type=\"widget\" data-e-type=\"widget\" data-widget_type=\"heading.default\">\n\t\t\t\t\t<h3 class=\"elementor-heading-title elementor-size-default\">Service Informatique<\/h3>\t\t\t\t<\/div>\n\t\t\t\t<div class=\"elementor-element elementor-element-5d9d34e5 elementor-align-center elementor-widget elementor-widget-button\" data-id=\"5d9d34e5\" data-element_type=\"widget\" data-e-type=\"widget\" data-widget_type=\"button.default\">\n\t\t\t\t\t\t\t\t\t\t<a class=\"elementor-button elementor-button-link elementor-size-sm\" href=\"#\">\n\t\t\t\t\t\t<span class=\"elementor-button-content-wrapper\">\n\t\t\t\t\t\t\t\t\t<span class=\"elementor-button-text\">Contacter par Courriel<\/span>\n\t\t\t\t\t<\/span>\n\t\t\t\t\t<\/a>\n\t\t\t\t\t\t\t\t<\/div>\n\t\t\t\t<\/div>\n\t\t\t\t<\/div>\n\t\t<div class=\"elementor-element elementor-element-19923aac e-con-full e-flex e-con e-child\" data-id=\"19923aac\" data-element_type=\"container\" data-e-type=\"container\">\n\t\t<div class=\"elementor-element elementor-element-2400962c e-con-full e-flex e-con e-child\" data-id=\"2400962c\" data-element_type=\"container\" data-e-type=\"container\">\n\t\t<div class=\"elementor-element elementor-element-62428baa e-con-full e-flex e-con e-child\" data-id=\"62428baa\" data-element_type=\"container\" data-e-type=\"container\">\n\t\t\t\t<div class=\"elementor-element elementor-element-2aebe20e elementor-drop-cap-yes elementor-drop-cap-view-default elementor-widget elementor-widget-text-editor\" data-id=\"2aebe20e\" data-element_type=\"widget\" data-e-type=\"widget\" data-settings=\"{&quot;drop_cap&quot;:&quot;yes&quot;}\" data-widget_type=\"text-editor.default\">\n\t\t\t\t\t\t\t\t\t<div class=\"cell padding-vertical-1\"><p>Le\u00a0Service Informatique\u00a0garantit un environnement num\u00e9rique performant, s\u00e9curis\u00e9 et adapt\u00e9 aux besoins des activit\u00e9s de recherche et de d\u00e9veloppement du GIPSA-lab.<\/p><p>Plac\u00e9 au sein du\u00a0<strong><a href=\"https:\/\/intra-dev-2.excellis.org\/?page_id=7319\">P\u00f4le Technique<\/a><\/strong> et compos\u00e9 de 6 personnes, il est structur\u00e9 en deux \u00e9quipes compl\u00e9mentaires :<\/p><\/div>\t\t\t\t\t\t\t\t<\/div>\n\t\t\t\t<div class=\"elementor-element elementor-element-54c64d64 elementor-widget elementor-widget-ova_list_checked\" data-id=\"54c64d64\" data-element_type=\"widget\" data-e-type=\"widget\" data-widget_type=\"ova_list_checked.default\">\n\t\t\t\t<div class=\"elementor-widget-container\">\n\t\t\t\t\t\t\t\n\t\t<div class=\"ova_list_checked\" >\n\t\t\t\t\t\t\t<ul>\n\t\t\t\t\t\t\t\t\t<li class=\"item\">\n\t\t\t\t\t\t<i data-feather=\"check-circle\"><\/i>\n\t\t\t\t\t\t<span>La premi\u00e8re \u00e9quipe, d\u00e9di\u00e9e \u00e0 l&#039;Infrastructure Syst\u00e8mes et R\u00e9seaux, ainsi qu&#039;\u00e0 la S\u00e9curit\u00e9, regroupe des sp\u00e9cialistes en gestion de r\u00e9seau, administration des syst\u00e8mes, s\u00e9curit\u00e9 informatique, et support de proximit\u00e9.<\/span>\n\t\t\t\t\t<\/li>\n\t\t\t\t\t\t\t\t\t<li class=\"item\">\n\t\t\t\t\t\t<i data-feather=\"check-circle\"><\/i>\n\t\t\t\t\t\t<span>La seconde \u00e9quipe, orient\u00e9e vers le SI Web, r\u00e9unit des consultants en ma\u00eetrise d\u2019ouvrage (AMOA) et des d\u00e9veloppeurs full stack qui pilotent les Syst\u00e8mes d&#039;Information et les applications web du laboratoire.<\/span>\n\t\t\t\t\t<\/li>\n\t\t\t\t\t\t\t\t<\/ul>\n\t\t\t\n\t\t<\/div>\n\n\t\t\t\t\t\t<\/div>\n\t\t\t\t<\/div>\n\t\t\t\t<\/div>\n\t\t<div class=\"elementor-element elementor-element-142307a0 e-con-full e-flex e-con e-child\" data-id=\"142307a0\" data-element_type=\"container\" data-e-type=\"container\">\n\t\t\t\t<div class=\"elementor-element elementor-element-16d1b265 elementor-widget elementor-widget-image\" data-id=\"16d1b265\" data-element_type=\"widget\" data-e-type=\"widget\" data-widget_type=\"image.default\">\n\t\t\t\t\t\t\t\t\t\t\t\t<figure class=\"wp-caption\">\n\t\t\t\t\t\t\t\t\t\t<img decoding=\"async\" width=\"480\" height=\"472\" src=\"https:\/\/intra-dev-2.excellis.org\/wp-content\/uploads\/2025\/12\/Service-Informatique-ok-1.png\" class=\"attachment-large size-large wp-image-7770\" alt=\"\" srcset=\"https:\/\/intra-dev-2.excellis.org\/wp-content\/uploads\/2025\/12\/Service-Informatique-ok-1.png 480w, https:\/\/intra-dev-2.excellis.org\/wp-content\/uploads\/2025\/12\/Service-Informatique-ok-1-300x295.png 300w\" sizes=\"(max-width: 480px) 100vw, 480px\" \/>\t\t\t\t\t\t\t\t\t\t\t<figcaption class=\"widget-image-caption wp-caption-text\">Cr\u00e9dit photo \u00a9 GIPSA-lab<\/figcaption>\n\t\t\t\t\t\t\t\t\t\t<\/figure>\n\t\t\t\t\t\t\t\t\t<\/div>\n\t\t\t\t<\/div>\n\t\t\t\t<\/div>\n\t\t<div class=\"elementor-element elementor-element-7853c834 e-con-full e-flex e-con e-child\" data-id=\"7853c834\" data-element_type=\"container\" data-e-type=\"container\">\n\t\t<div class=\"elementor-element elementor-element-5e8fa8fa e-con-full e-flex e-con e-child\" data-id=\"5e8fa8fa\" data-element_type=\"container\" data-e-type=\"container\">\n\t\t\t\t<div class=\"elementor-element elementor-element-5c0c6788 elementor-widget elementor-widget-ova_heading\" data-id=\"5c0c6788\" data-element_type=\"widget\" data-e-type=\"widget\" data-widget_type=\"ova_heading.default\">\n\t\t\t\t<div class=\"elementor-widget-container\">\n\t\t\t\t\t\t\t<div class=\"ova-heading\">\n\t\t\t\n\t\t\t\t\t\t\t<h3 class=\"title second_font\">Missions Principales<\/h3>\n\t\t\t\n\t\t\t\n\t\t<\/div>\n\t\t\t\t\t\t<\/div>\n\t\t\t\t<\/div>\n\t\t\t\t<\/div>\n\t\t\t\t<\/div>\n\t\t<div class=\"elementor-element elementor-element-745f00d0 e-con-full e-flex e-con e-child\" data-id=\"745f00d0\" data-element_type=\"container\" data-e-type=\"container\">\n\t\t<div class=\"elementor-element elementor-element-17be757f e-con-full e-flex e-con e-child\" data-id=\"17be757f\" data-element_type=\"container\" data-e-type=\"container\">\n\t\t<div class=\"elementor-element elementor-element-7de0ed79 e-con-full e-flex e-con e-child\" data-id=\"7de0ed79\" data-element_type=\"container\" data-e-type=\"container\">\n\t\t\t\t<div class=\"elementor-element elementor-element-5f51f046 elementor-widget elementor-widget-image\" data-id=\"5f51f046\" data-element_type=\"widget\" data-e-type=\"widget\" data-widget_type=\"image.default\">\n\t\t\t\t\t\t\t\t\t\t\t\t\t\t\t<img decoding=\"async\" width=\"480\" height=\"320\" src=\"https:\/\/intra-dev-2.excellis.org\/wp-content\/uploads\/2026\/01\/Info-1-480x320-1.png\" class=\"attachment-large size-large wp-image-11967\" alt=\"\" srcset=\"https:\/\/intra-dev-2.excellis.org\/wp-content\/uploads\/2026\/01\/Info-1-480x320-1.png 480w, https:\/\/intra-dev-2.excellis.org\/wp-content\/uploads\/2026\/01\/Info-1-480x320-1-300x200.png 300w\" sizes=\"(max-width: 480px) 100vw, 480px\" \/>\t\t\t\t\t\t\t\t\t\t\t\t\t\t\t<\/div>\n\t\t\t\t<\/div>\n\t\t<div class=\"elementor-element elementor-element-44a70058 e-con-full e-flex e-con e-child\" data-id=\"44a70058\" data-element_type=\"container\" data-e-type=\"container\">\n\t\t\t\t<div class=\"elementor-element elementor-element-4b38ce48 elementor-widget elementor-widget-heading\" data-id=\"4b38ce48\" data-element_type=\"widget\" data-e-type=\"widget\" data-widget_type=\"heading.default\">\n\t\t\t\t\t<h2 class=\"elementor-heading-title elementor-size-default\">L'infrastructure syst\u00e8mes et r\u00e9seaux, et la s\u00e9curit\u00e9 du laboratoire<\/h2>\t\t\t\t<\/div>\n\t\t\t\t<div class=\"elementor-element elementor-element-29083f28 elementor-widget elementor-widget-text-editor\" data-id=\"29083f28\" data-element_type=\"widget\" data-e-type=\"widget\" data-widget_type=\"text-editor.default\">\n\t\t\t\t\t\t\t\t\t<div id=\"TheTexte\" class=\"Texte\" lang=\"zxx\"><p>Le laboratoire veille \u00e0 la s\u00e9curit\u00e9 de ses syst\u00e8mes et \u00e0 la protection de ses donn\u00e9es de recherche. Gr\u00e2ce \u00e0 une architecture et des outils adapt\u00e9s, l&rsquo;\u00e9quipe <strong>Infrastructure Syst\u00e8mes et R\u00e9seaux<\/strong>\u00a0assure non seulement la continuit\u00e9 de ses travaux mais aussi la confidentialit\u00e9 et l&rsquo;int\u00e9grit\u00e9 des informations, r\u00e9pondant ainsi aux exigences \u00e9lev\u00e9es en mati\u00e8re de cybers\u00e9curit\u00e9 dans un environnement acad\u00e9mique et scientifique.<\/p><\/div>\t\t\t\t\t\t\t\t<\/div>\n\t\t\t\t<\/div>\n\t\t\t\t<\/div>\n\t\t<div class=\"elementor-element elementor-element-3b3a18e4 e-con-full e-flex e-con e-child\" data-id=\"3b3a18e4\" data-element_type=\"container\" data-e-type=\"container\">\n\t\t<div class=\"elementor-element elementor-element-1a99516 e-con-full e-flex e-con e-child\" data-id=\"1a99516\" data-element_type=\"container\" data-e-type=\"container\">\n\t\t\t\t<div class=\"elementor-element elementor-element-2555676f elementor-widget elementor-widget-text-editor\" data-id=\"2555676f\" data-element_type=\"widget\" data-e-type=\"widget\" data-widget_type=\"text-editor.default\">\n\t\t\t\t\t\t\t\t\t<div class=\"elementor-element elementor-element-22df8cad elementor-widget elementor-widget-text-editor\" data-id=\"22df8cad\" data-element_type=\"widget\" data-widget_type=\"text-editor.default\"><div id=\"TheTexte\" class=\"Texte\" lang=\"zxx\"><p><span style=\"text-decoration-line: underline;\">L&rsquo;\u00e9quipe assure notamment la gestion :<\/span><\/p><\/div><\/div>\t\t\t\t\t\t\t\t<\/div>\n\t\t\t\t<div class=\"elementor-element elementor-element-ccf0b8 elementor-widget elementor-widget-ova_list_checked\" data-id=\"ccf0b8\" data-element_type=\"widget\" data-e-type=\"widget\" data-widget_type=\"ova_list_checked.default\">\n\t\t\t\t<div class=\"elementor-widget-container\">\n\t\t\t\t\t\t\t\n\t\t<div class=\"ova_list_checked\" >\n\t\t\t\t\t\t\t<ul>\n\t\t\t\t\t\t\t\t\t<li class=\"item\">\n\t\t\t\t\t\t<i data-feather=\"check-circle\"><\/i>\n\t\t\t\t\t\t<span> De l\u2019infrastructure r\u00e9seau (baies de brassage, \u00e9quipements actifs)<\/span>\n\t\t\t\t\t<\/li>\n\t\t\t\t\t\t\t\t\t<li class=\"item\">\n\t\t\t\t\t\t<i data-feather=\"check-circle\"><\/i>\n\t\t\t\t\t\t<span> Des services d\u2019infrastructure (service de noms, d\u2019annuaire, messagerie mutualis\u00e9e, web, etc.), ou m\u00e9tiers (serveurs de calculs, etc.), et de serveurs associ\u00e9s<\/span>\n\t\t\t\t\t<\/li>\n\t\t\t\t\t\t\t\t\t<li class=\"item\">\n\t\t\t\t\t\t<i data-feather=\"check-circle\"><\/i>\n\t\t\t\t\t\t<span> De la s\u00e9curit\u00e9 (pare-feu et politique de s\u00e9curit\u00e9)<\/span>\n\t\t\t\t\t<\/li>\n\t\t\t\t\t\t\t\t\t<li class=\"item\">\n\t\t\t\t\t\t<i data-feather=\"check-circle\"><\/i>\n\t\t\t\t\t\t<span> De l&#039;espace de stockage mutualis\u00e9<\/span>\n\t\t\t\t\t<\/li>\n\t\t\t\t\t\t\t\t<\/ul>\n\t\t\t\n\t\t<\/div>\n\n\t\t\t\t\t\t<\/div>\n\t\t\t\t<\/div>\n\t\t\t\t<\/div>\n\t\t\t\t<\/div>\n\t\t<div class=\"elementor-element elementor-element-415fc50d e-con-full e-flex e-con e-child\" data-id=\"415fc50d\" data-element_type=\"container\" data-e-type=\"container\">\n\t\t<div class=\"elementor-element elementor-element-479780bc e-con-full e-flex e-con e-child\" data-id=\"479780bc\" data-element_type=\"container\" data-e-type=\"container\">\n\t\t\t\t<div class=\"elementor-element elementor-element-68b32507 elementor-widget elementor-widget-heading\" data-id=\"68b32507\" data-element_type=\"widget\" data-e-type=\"widget\" data-widget_type=\"heading.default\">\n\t\t\t\t\t<h3 class=\"elementor-heading-title elementor-size-default\">Sur le plan technique<\/h3>\t\t\t\t<\/div>\n\t\t\t\t<div class=\"elementor-element elementor-element-77eb7e0a elementor-widget elementor-widget-text-editor\" data-id=\"77eb7e0a\" data-element_type=\"widget\" data-e-type=\"widget\" data-widget_type=\"text-editor.default\">\n\t\t\t\t\t\t\t\t\t<div id=\"TheTexte\" class=\"Texte\" lang=\"zxx\"><p>Plus de 1400 prises r\u00e9seaux sont distribu\u00e9es parmi les diff\u00e9rents locaux qui composent le laboratoire. Le parc informatique compte plus de 660 postes utilisateurs, r\u00e9partis entre PC Windows, PC Linux, et machines Apple MacOS X, ainsi que plusieurs dizaines de serveurs (d\u2019infrastructure, de calculs, et de stockage, offrant des capacit\u00e9s de plusieurs To).<\/p><\/div>\t\t\t\t\t\t\t\t<\/div>\n\t\t<div class=\"elementor-element elementor-element-69282ea5 e-con-full e-flex e-con e-child\" data-id=\"69282ea5\" data-element_type=\"container\" data-e-type=\"container\">\n\t\t<div class=\"elementor-element elementor-element-6414ddaa e-con-full e-flex e-con e-child\" data-id=\"6414ddaa\" data-element_type=\"container\" data-e-type=\"container\">\n\t\t\t\t<div class=\"elementor-element elementor-element-3b4237bc elementor-widget elementor-widget-heading\" data-id=\"3b4237bc\" data-element_type=\"widget\" data-e-type=\"widget\" data-widget_type=\"heading.default\">\n\t\t\t\t\t<h2 class=\"elementor-heading-title elementor-size-default\">L'Informatique de Proximit\u00e9\n<\/h2>\t\t\t\t<\/div>\n\t\t\t\t<div class=\"elementor-element elementor-element-e30b0f9 elementor-widget elementor-widget-text-editor\" data-id=\"e30b0f9\" data-element_type=\"widget\" data-e-type=\"widget\" data-widget_type=\"text-editor.default\">\n\t\t\t\t\t\t\t\t\t<div id=\"TheTexte\" class=\"Texte\" lang=\"zxx\"><p>L\u2019\u00e9quipe en charge de l\u2018informatique de proximit\u00e9 au GIPSA-lab joue un r\u00f4le essentiel en assurant la gestion et le support des postes utilisateurs. Elle prend en charge l\u2019ensemble des besoins informatiques des chercheurs et personnels, allant de l\u2019installation des postes de travail \u00e0 leur maintenance quotidienne.<\/p><p>\u00a0<\/p><\/div>\t\t\t\t\t\t\t\t<\/div>\n\t\t\t\t<\/div>\n\t\t<div class=\"elementor-element elementor-element-28afaba8 e-con-full e-flex e-con e-child\" data-id=\"28afaba8\" data-element_type=\"container\" data-e-type=\"container\">\n\t\t\t\t<div class=\"elementor-element elementor-element-53b00ecb elementor-widget elementor-widget-image\" data-id=\"53b00ecb\" data-element_type=\"widget\" data-e-type=\"widget\" data-widget_type=\"image.default\">\n\t\t\t\t\t\t\t\t\t\t\t\t\t\t\t<img loading=\"lazy\" decoding=\"async\" width=\"480\" height=\"320\" src=\"https:\/\/intra-dev-2.excellis.org\/wp-content\/uploads\/2026\/01\/Info2-480x320-1.png\" class=\"attachment-large size-large wp-image-11969\" alt=\"\" srcset=\"https:\/\/intra-dev-2.excellis.org\/wp-content\/uploads\/2026\/01\/Info2-480x320-1.png 480w, https:\/\/intra-dev-2.excellis.org\/wp-content\/uploads\/2026\/01\/Info2-480x320-1-300x200.png 300w\" sizes=\"(max-width: 480px) 100vw, 480px\" \/>\t\t\t\t\t\t\t\t\t\t\t\t\t\t\t<\/div>\n\t\t\t\t<\/div>\n\t\t\t\t<\/div>\n\t\t<div class=\"elementor-element elementor-element-69b63660 e-con-full e-flex e-con e-child\" data-id=\"69b63660\" data-element_type=\"container\" data-e-type=\"container\">\n\t\t<div class=\"elementor-element elementor-element-3c7699cc e-con-full e-flex e-con e-child\" data-id=\"3c7699cc\" data-element_type=\"container\" data-e-type=\"container\">\n\t\t<div class=\"elementor-element elementor-element-778b535e e-con-full e-flex e-con e-child\" data-id=\"778b535e\" data-element_type=\"container\" data-e-type=\"container\">\n\t\t<div class=\"elementor-element elementor-element-449b0b7b e-con-full e-flex e-con e-child\" data-id=\"449b0b7b\" data-element_type=\"container\" data-e-type=\"container\">\n\t\t\t\t<div class=\"elementor-element elementor-element-6829063f elementor-widget elementor-widget-image\" data-id=\"6829063f\" data-element_type=\"widget\" data-e-type=\"widget\" data-widget_type=\"image.default\">\n\t\t\t\t\t\t\t\t\t\t\t\t\t\t\t<img loading=\"lazy\" decoding=\"async\" width=\"480\" height=\"320\" src=\"https:\/\/intra-dev-2.excellis.org\/wp-content\/uploads\/2026\/01\/Info3-480x320-1.png\" class=\"attachment-large size-large wp-image-11973\" alt=\"\" srcset=\"https:\/\/intra-dev-2.excellis.org\/wp-content\/uploads\/2026\/01\/Info3-480x320-1.png 480w, https:\/\/intra-dev-2.excellis.org\/wp-content\/uploads\/2026\/01\/Info3-480x320-1-300x200.png 300w\" sizes=\"(max-width: 480px) 100vw, 480px\" \/>\t\t\t\t\t\t\t\t\t\t\t\t\t\t\t<\/div>\n\t\t\t\t<\/div>\n\t\t<div class=\"elementor-element elementor-element-465d9539 e-con-full e-flex e-con e-child\" data-id=\"465d9539\" data-element_type=\"container\" data-e-type=\"container\">\n\t\t\t\t<div class=\"elementor-element elementor-element-3d053651 elementor-widget elementor-widget-heading\" data-id=\"3d053651\" data-element_type=\"widget\" data-e-type=\"widget\" data-widget_type=\"heading.default\">\n\t\t\t\t\t<h2 class=\"elementor-heading-title elementor-size-default\">Le Syst\u00e8me d'Information<\/h2>\t\t\t\t<\/div>\n\t\t\t\t<div class=\"elementor-element elementor-element-62aec594 elementor-widget elementor-widget-text-editor\" data-id=\"62aec594\" data-element_type=\"widget\" data-e-type=\"widget\" data-widget_type=\"text-editor.default\">\n\t\t\t\t\t\t\t\t\t<div id=\"TheTexte\" class=\"Texte\" lang=\"zxx\"><p>L\u2019<strong>\u00e9quipe SI-Web<\/strong>, compos\u00e9e de trois membres (2 d\u00e9veloppeurs et un AMOA), ont en charge les projets de <strong>d\u00e9veloppement interne des applications web m\u00e9tiers<\/strong>. Elle assure \u00e9galement <strong>la cartographie<\/strong> et <strong>la gestion de l\u2019architecture des syst\u00e8mes d\u2019information<\/strong>, notamment des bases de donn\u00e9es et des applications.<\/p><\/div>\t\t\t\t\t\t\t\t<\/div>\n\t\t\t\t<\/div>\n\t\t\t\t<\/div>\n\t\t\t\t<div class=\"elementor-element elementor-element-5db41c72 elementor-widget elementor-widget-text-editor\" data-id=\"5db41c72\" data-element_type=\"widget\" data-e-type=\"widget\" data-widget_type=\"text-editor.default\">\n\t\t\t\t\t\t\t\t\t<div id=\"TheTexte\" class=\"Texte\" lang=\"zxx\"><p><span style=\"text-decoration: underline;\">L\u2019\u00e9quipe assure :<\/span><\/p><\/div>\t\t\t\t\t\t\t\t<\/div>\n\t\t\t\t<div class=\"elementor-element elementor-element-0582779 elementor-widget elementor-widget-ova_list_checked\" data-id=\"0582779\" data-element_type=\"widget\" data-e-type=\"widget\" data-widget_type=\"ova_list_checked.default\">\n\t\t\t\t<div class=\"elementor-widget-container\">\n\t\t\t\t\t\t\t\n\t\t<div class=\"ova_list_checked\" >\n\t\t\t\t\t\t\t<ul>\n\t\t\t\t\t\t\t\t\t<li class=\"item\">\n\t\t\t\t\t\t<i data-feather=\"check-circle\"><\/i>\n\t\t\t\t\t\t<span>L&#039;optimisation des processus internes du laboratoire en concevant des solutions sur mesure et en garantissant une infrastructure SI \u00e9volutive et adapt\u00e9e aux besoins sp\u00e9cifiques des utilisateurs. Gr\u00e2ce \u00e0 leur expertise, les outils num\u00e9riques du GIPSA-lab restent performants et align\u00e9s sur les exigences m\u00e9tiers ;<\/span>\n\t\t\t\t\t<\/li>\n\t\t\t\t\t\t\t\t\t<li class=\"item\">\n\t\t\t\t\t\t<i data-feather=\"check-circle\"><\/i>\n\t\t\t\t\t\t<span>Le cycle de d\u00e9veloppement des applicatifs et les bases de donn\u00e9es du Syst\u00e8me d&#039;Information.<\/span>\n\t\t\t\t\t<\/li>\n\t\t\t\t\t\t\t\t<\/ul>\n\t\t\t\n\t\t<\/div>\n\n\t\t\t\t\t\t<\/div>\n\t\t\t\t<\/div>\n\t\t\t\t<\/div>\n\t\t\t\t<\/div>\n\t\t\t\t<\/div>\n\t\t\t\t<\/div>\n\t\t\t\t<\/div>\n\t\t\t\t<\/div>\n\t\t\t\t<\/div>\n\t\t\t\t\t<\/div>\n\t\t\t\t<\/div>\n\t\t\t\t<\/div>\n\t\t","protected":false},"excerpt":{"rendered":"<p>Responsable du Service Christian BULFONE Membres de l&rsquo;\u00c9quipe BULFONE Christian CHABERT Olivier LAMIGE Lionel LEMIRE Arnaud URANKAR Mika\u00ebl VILLET Teo Contact(s) Service Informatique Contacter par Courriel Le\u00a0Service Informatique\u00a0garantit un environnement num\u00e9rique performant, s\u00e9curis\u00e9 et adapt\u00e9 aux besoins des activit\u00e9s de recherche et de d\u00e9veloppement du GIPSA-lab. Plac\u00e9 au sein du\u00a0P\u00f4le Technique et compos\u00e9 de 6 [&hellip;]<\/p>\n","protected":false},"author":2,"featured_media":0,"parent":7319,"menu_order":1,"comment_status":"closed","ping_status":"closed","template":"","meta":{"rs_blank_template":"","rs_page_bg_color":"","slide_template_v7":"","footnotes":""},"class_list":["post-7754","page","type-page","status-publish","hentry"],"lang":"fr","translations":{"fr":7754,"en":11896},"pll_sync_post":[],"_links":{"self":[{"href":"https:\/\/intra-dev-2.excellis.org\/index.php?rest_route=\/wp\/v2\/pages\/7754","targetHints":{"allow":["GET"]}}],"collection":[{"href":"https:\/\/intra-dev-2.excellis.org\/index.php?rest_route=\/wp\/v2\/pages"}],"about":[{"href":"https:\/\/intra-dev-2.excellis.org\/index.php?rest_route=\/wp\/v2\/types\/page"}],"author":[{"embeddable":true,"href":"https:\/\/intra-dev-2.excellis.org\/index.php?rest_route=\/wp\/v2\/users\/2"}],"replies":[{"embeddable":true,"href":"https:\/\/intra-dev-2.excellis.org\/index.php?rest_route=%2Fwp%2Fv2%2Fcomments&post=7754"}],"version-history":[{"count":238,"href":"https:\/\/intra-dev-2.excellis.org\/index.php?rest_route=\/wp\/v2\/pages\/7754\/revisions"}],"predecessor-version":[{"id":12025,"href":"https:\/\/intra-dev-2.excellis.org\/index.php?rest_route=\/wp\/v2\/pages\/7754\/revisions\/12025"}],"up":[{"embeddable":true,"href":"https:\/\/intra-dev-2.excellis.org\/index.php?rest_route=\/wp\/v2\/pages\/7319"}],"wp:attachment":[{"href":"https:\/\/intra-dev-2.excellis.org\/index.php?rest_route=%2Fwp%2Fv2%2Fmedia&parent=7754"}],"curies":[{"name":"wp","href":"https:\/\/api.w.org\/{rel}","templated":true}]}}